ided by d?
17
Let o(d) = -d**3 + 14*d**2 - d + 9. Let r(g) = -2*g + 14. Let f be r(0). Let i be o(f). Calculate the remainder when 28 is divided by (-9)/(-6) + ((-135)/2)/i.
13
Calculate the remainder when ((-960)/(-14))/(105/980) is divided by 110.
90
Suppose 16 = -b + 32. Suppose 7*z - 2*z = 15. Suppose -390 = -2*d - z*d. What is the remainder when d is divided by b?
14
Let l(v) = v**3 - 7*v**2 - 10*v + 22. Suppose 36 = -8*k + 12*k + o, 0 = -3*k - 4*o + 40. Calculate the remainder when 47 is divided by l(k).
5
Suppose f + 0 = -4*b + 12, -5*f + 20 = 0. Suppose -5*y = b - 7. Calculate the remainder when 139 is divided by (7 + 1/y)/(6/15).
19
Let n(v) = 2*v + 71. Let y be n(-34). Suppose 0 = -y*o + 2*b + 26 + 33, 12 = -3*b. Calculate the remainder when 132 is divided by o.
13
Suppose 36*v = 30*v + 1584. Let x be 1/(2 - 527/v). Suppose 4*k - 452 = x. What is the remainder when k is divided by 20?
19
Let r(j) = 2*j**2 - 7*j + 17. Let b(o) = o**2 - 2*o - 1. Let l be b(0). Let u be (-1)/(-2)*-10*l. Calculate the remainder when 123 is divided by r(u).
27
Suppose -10*g - 174 = -16*g. Suppose r = g + 43. Suppose c - r = -5*c. What is the remainder when 22 is divided by c?
10
Suppose 2*m + 890 = m + 5*o, 0 = m + o + 866. Let t = -624 - m. What is the remainder when t is divided by 42?
36
Suppose -5*p + 0*h = h - 2863, 4*h = -p + 565. Calculate the remainder when p is divided by 16.
13
Let c(s) = 2*s**2 + 8*s + 1. Suppose -4*x - 9 = -m + 1, 0 = 4*x + 4*m + 20. Let w be -9*((-35)/15 - x). What is the remainder when c(w) is divided by 7?
4
Suppose 5171 + 73 = 103*k + 11*k. What is the remainder when k is divided by 28?
18
Let l = -254 - -258. Suppose -4*x = w - 4, -l*x + 6*x = -2. Calculate the remainder when 29 is divided by w.
5
Let h = 176 + -162. Let g(t) = -t**3 - 8*t**2 - 21*t - 16. Calculate the remainder when g(-6) is divided by h.
10
Let g(h) = 7*h**2 + 14*h - 468. What is the remainder when g(15) is divided by 261?
12
Suppose -3*j - 3*j = 4*y - 70, -7*j + 9*j = -22. Calculate the remainder when (-2)/(2 - 6)*338 is divided by y.
33
Suppose -18*y = 409*y - 9516 + 1403. Calculate the remainder when 6418 is divided by y.
15
Let s(r) be the first derivative of r**3/3 - 7*r**2 + 3*r - 21. Let o be s(14). Suppose -46 - 17 = -o*b. Calculate the remainder when 104 is divided by b.
20
What is the remainder when 8 - (-5912)/56 - (-27)/63 is divided by 10?
4
Suppose -3*f + 2*d = -32, f - 28 = -15*d + 20*d. What is the remainder when (-28)/f*-16*1 is divided by 8?
0
Let c be 9 + 1 + 3/(-3). Let x = 12 - c. Suppose -x*d + 81 = -15. What is the remainder when d is divided by 12?
8
Suppose 25612 = 12*k + 25564. Let p = 1 - 0. Calculate the remainder when 58 is divided by (14/k - 2)*(p - -9).
13
What is the remainder when (924/(-15))/(33/121 + (-111)/165) is divided by 150?
4
Let v = -638 - -640. Let m(x) = 78*x + 10. What is the remainder when m(v) is divided by 22?
12
Let c(h) = 3*h + 8. Let i be c(3). Suppose -4*v = -i*v - 78. Let w(o) = -o**3 - 6*o**2 - 7*o + 2. Calculate the remainder when 129 is divided by w(v).
41
Suppose -46*t + 10*t = -2*t - 76840. Calculate the remainder when t is divided by 58.
56
Suppose -15*i + 327 = -927 - 366. What is the remainder when 1508 is divided by i?
104
What is the remainder when 643 is divided by 49 + ((-83)/11 - 12/(-22))?
13
Let w(a) = -a**3 + 16*a**2 + 33*a - 2. Calculate the remainder when 232 is divided by w(-2).
0
Let y = 21231 - 21070. Calculate the remainder when 10785 is divided by y.
159
Suppose -17*v - 29127 = -38*v. What is the remainder when v is divided by 116?
111
Suppose 0 = 4*z - 16, 3*v + 5*z - 18 = 2*z. Let x(p) = v*p + 4*p + 19 - 9. Calculate the remainder when 66 is divided by x(4).
32
Let q = -181 + 166. What is the remainder when 78 is divided by 78*(-12)/(-45) - 3/q?
15
Let r(m) = -m**2 - 2*m + 5. Let w be r(-3). Suppose w = p - 18. Suppose -190 = -10*t + 5*t. What is the remainder when t is divided by p?
18
Let q = 14299 - 14204. What is the remainder when 471 is divided by q?
91
What is the remainder when -2 + (-2 - (10 + -3327)) is divided by 15?
13
Let r(c) = -2*c - 10. Let o be r(-7). Suppose -o*y + 0 = -4, -5*b - 2*y + 47 = 0. What is the remainder when 105/4 + 7/(-28) is divided by b?
8
Let d(o) = 16*o**2 - 30*o**3 + 10 + 17*o**3 - 16*o + 28 + 14*o**3. What is the remainder when 209 is divided by d(-17)?
20
Suppose 37*l + 36 = 406. Let m(z) = -3*z - 17. Let j be m(-7). Suppose j*i = -4, -5*s = -0*s + 2*i - 243. Calculate the remainder when s is divided by l.
9
Let l(i) = 3*i**3 + 3*i**2 + 10*i + 10. Let k(h) = -h**3 + h**2 - h - 1. Let g(n) = -4*k(n) - l(n). What is the remainder when 39 is divided by g(8)?
9
Let c = 45 + -30. Let z be 14*(-5)/4 + 22/(-44). What is the remainder when 199 is divided by (z/c)/(24/(-800))?
39
Let a = -2995 - -3006. Calculate the remainder when 72 is divided by a.
6
Let y(g) = 8*g**3 + 745*g**2 + 85*g - 24. What is the remainder when 2188 is divided by y(-93)?
28
Let g(v) = 10*v**3 - 8*v**2 + 8*v + 6. Let s be g(6). Calculate the remainder when ((-72)/(-30))/4 + s/15 is divided by 28.
17
Let h = 23 + -9. Suppose 4*b = -6*s + 4*s + h, -s = 5*b - 19. Suppose -5 + 13 = b*z. Calculate the remainder when z is divided by 1.
0
Let r = 1024 - 637. What is the remainder when r is divided by 21?
9
Suppose 0*z - 4*v + 328 = 3*z, 0 = -z + 2*v + 126. What is the remainder when z is divided by 51?
14
Let g = 10 - 6. Let p(x) = -10*x + 47. What is the remainder when p(4) is divided by g?
3
Let d = -355 + 357. Suppose 2*x - 2*z = z + 29, -d*x - 5*z + 69 = 0. Calculate the remainder when x is divided by 11.
0
Let n(o) = -11 - 6*o - 19*o + 12*o. Suppose 2*j + 1 = -7. Calculate the remainder when n(j) is divided by 23.
18
Let z = 291 - 181. Let c = -108 + z. Calculate the remainder when 27 is divided by c.
1
Suppose -42 = 4*l - 5*l + 2*c, -4*c - 40 = -l. Let h(a) = -8*a - 8. Let p be h(-7). Suppose -6*y = -9*y + p. Calculate the remainder when l is divided by y.
12
Let p(a) = 2*a**3 - 4*a**2 + 8*a - 5. Suppose w = 22*g - 27*g + 96, 0 = w - 6. Calculate the remainder when p(8) is divided by g.
17
Let j(p) = 21*p**2 + 80*p - 81. Calculate the remainder when 828 is divided by j(1).
8
Let g(s) = -s**3 + 36*s**2 - 118*s - 299. What is the remainder when 893 is divided by g(32)?
11
What is the remainder when 672 is divided by (2632/141)/((-1)/(-18))?
0
Suppose 0 = 3*w - 9, 2*p - 3*w - 150 - 331 = 0. What is the remainder when 295 is divided by p?
50
Let t(c) = c**2 + 33*c - 104. Let b(v) = -v**2 + 4*v + 5. Calculate the remainder when t(-37) is divided by b(4).
4
Let z(y) = -51*y - 903. Let q be -5*((-4)/10 - 0). Suppose 0 = 5*v - 4*n - 134, 6*v = 3*v + q*n + 82. Calculate the remainder when z(-20) is divided by v.
27
Suppose 4*v = -3*q + 1363, 0 = -6*q + 673*v - 677*v + 2734. What is the remainder when q is divided by 26?
15
Let q = 209 + -34. Suppose -2*b = -z - 4*z - q, 2*b - 170 = 4*z. What is the remainder when b is divided by 39?
36
Let g(h) = h**3 - 14*h**2 + 12*h + 19. Let k be g(13). Suppose -264 = -k*o - 66. Calculate the remainder when 85 is divided by o.
19
Let u = 3784 - 3731. Let x(i) = i + 4. Calculate the remainder when u is divided by x(7).
9
Let l = 42 - 27. Let w be 2 - (3/(-6)*-6 + -10). Calculate the remainder when (-3)/w*(-525)/5 + 1 is divided by l.
6
Let i = 47 + -43. Suppose -17*n + 12*n + u = -325, i*u - 44 = -n. Calculate the remainder when 829 is divided by n.
61
Let t(l) = 88*l + 291. Calculate the remainder when t(-2) is divided by 97.
18
Suppose 0 = -4*r - 20, -3*r - r = -3*w + 47. Calculate the remainder when 987 is divided by w.
6
Let i(q) = q**2 + 91*q + 1749. Calculate the remainder when 5163 is divided by i(-64).
18
Let u be (-304)/(-64) + (-6)/8 + 0. What is the remainder when (u - (-84)/(-2))*(2 + -4) is divided by 26?
24
Let k(h) = h**3 + 83*h**2 - 74*h + 852. Calculate the remainder when 0/(-1) + (-134)/(-2) is divided by k(-84).
7
Suppose -2*g + 319 = -v, -4*v - 3 = -7*v. What is the remainder when g/(-10)*10/(-4) is divided by 14?
12
Suppose 2*c = 121 - 47. Suppose 2*i - 240 = -0*l - 9*l, 4*i + 4*l = 564. Calculate the remainder when i is divided by c.
36
Suppose -12*l - 9289 + 9625 = 0. Calculate the remainder when 228 is divided by l.
4
